0971.
3, 11, 19, 43, 137
What are the prime factors of 355963?
17, 20939
List the prime factors of 312778.
2, 19, 8231
List the prime factors of 575621.
23, 29, 863
What are the prime factors of 8949921?
3, 23, 151, 859
List the prime factors of 20659197.
3, 13, 529723
What are the prime factors of 3271640?
2, 5, 89, 919
What are the prime factors of 311503?
37, 8419
List the prime factors of 77102.
2, 19, 2029
What are the prime factors of 1348194?
2, 3, 224699
List the prime factors of 173242.
2, 19, 47, 97
What are the prime factors of 140613?
3, 11, 4261
List the prime factors of 152248.
2, 19031
What are the prime factors of 21785708?
2, 7, 778061
List the prime factors of 3647440.
2, 5, 127, 359
What are the prime factors of 815499?
3, 19, 251
List the prime factors of 764981.
7, 103, 1061
What are the prime factors of 3486961?
23, 151607
What are the prime factors of 13345767?
3, 1482863
List the prime factors of 4397829.
3, 1465943
List the prime factors of 633715.
5, 126743
List the prime factors of 190425.
3, 5, 2539
List the prime factors of 7204.
2, 1801
What are the prime factors of 174831?
3, 101, 577
List the prime factors of 9969355.
5, 11, 41, 4421
What are the prime factors of 1355400?
2, 3, 5, 251
List the prime factors of 7051696.
2, 440731
What are the prime factors of 1294599?
3, 431533
What are the prime factors of 153449?
153449
List the prime factors of 327113.
73, 4481
List the prime factors of 537503.
347, 1549
List the prime factors of 457912.
2, 7, 13, 17, 37
List the prime factors of 17410550.
2, 5, 17, 20483
What are the prime factors of 123035?
5, 11, 2237
List the prime factors of 174371.
127, 1373
List the prime factors of 201310.
2, 5, 41, 491
List the prime factors of 323189.
79, 4091
List the prime factors of 1755046.
2, 17, 41, 1259
What are the prime factors of 358588?
2, 157, 571
What are the prime factors of 57155?
5, 7, 23, 71
What are the prime factors of 2252698?
2, 7, 160907
What are the prime factors of 388179?
3, 11, 1307
What are the prime factors of 16664514?
2, 3, 239, 11621
What are the prime factors of 3964574?
2, 1982287
What are the prime factors of 35045?
5, 43, 163
What are the prime factors of 3116516?
2, 13, 73, 821
What are the prime factors of 3947679?
3, 438631
List the prime factors of 621180.
2, 3, 5, 7, 17, 29
List the prime factors of 7293398.
2, 7, 520957
List the prime factors of 22478965.
5, 547, 8219
List the prime factors of 16446734.
2, 8223367
What are the prime factors of 28694760?
2, 3, 5, 43, 67, 83
List the prime factors of 13740763.
13740763
List the prime factors of 187291.
13, 14407
List the prime factors of 5376157.
5376157
List the prime factors of 4307410.
2, 5, 430741
List the prime factors of 2777204.
2, 23, 30187
List the prime factors of 20751985.
5, 17, 244141
List the prime factors of 16979938.
2, 8489969
What are the prime factors of 6968553?
3, 2322851
List the prime factors of 97290.
2, 3, 5, 23, 47
List the prime factors of 187045.
5, 37409
List the prime factors of 3216295.
5, 283, 2273
What are the prime factors of 1138969?
13, 87613
List the prime factors of 11762285.
5, 41, 181, 317
What are the prime factors of 303809?
11, 71, 389
List the prime factors of 747339.
3, 23, 10831
What are the prime factors of 7402979?
7402979
What are the prime factors of 35654?
2, 17827
List the prime factors of 789362.
2, 7, 56383
List the prime factors of 21202753.
11, 13, 67, 2213
List the prime factors of 3251074.
2, 29, 56053
What are the prime factors of 864494?
2, 571, 757
What are the prime factors of 20715650?
2, 5, 414313
List the prime factors of 12235.
5, 2447
What are the prime factors of 908358?
2, 3, 11, 13763
List the prime factors of 398214.
2, 3, 22123
List the prime factors of 1441519.
41, 35159
List the prime factors of 885361.
83, 10667
List the prime factors of 5149110.
2, 3, 5, 171637
List the prime factors of 567780.
2, 3, 5, 9463
What are the prime factors of 1467815?
5, 163, 1801
List the prime factors of 370901.
421, 881
What are the prime factors of 4114558?
2, 7, 277, 1061
List the prime factors of 585306.
2, 3, 3613
List the prime factors of 636718.
2, 17, 61, 307
List the prime factors of 585712.
2, 36607
List the prime factors of 10121803.
10121803
List the prime factors of 6629940.
2, 3, 5, 36833
List the prime factors of 3661625.
5, 11, 2663
List the prime factors of 318927.
3, 7, 15187
List the prime factors of 71778.
2, 3, 7, 1709
What are the prime factors of 1343164?
2, 29, 11579
What are the prime factors of 3914724?
2, 3, 11, 47, 631
What are the prime factors of 13480556?
2, 59, 239
List the prime factors of 152835.
3, 5, 23, 443
List the prime factors of 254303.
7, 17, 2137
List the prime factors of 155321.
127, 1223
What are the prime factors of 36597841?
7, 5228263
List the prime factors of 151311.
3, 31, 1627
What are the prime factors of 218230?
2, 5, 139, 157
List the prime factors of 824196.
2, 3, 68683
List the prime factors of 6475137.
3, 701, 3079
What are the prime factors of 181125?
3, 5, 7, 23
List the prime factors of 4195371.
3, 19, 89, 827
List the prime factors of 123870.
2, 3, 5, 4129
List the prime factors of 9982942.
2, 19, 262709
List the prime factors of 2253915.
3, 5, 50087
What are the prime factors of 1484025?
3, 5, 47, 421
What are the prime factors of 35385830?
2, 5, 47, 75289
What are the prime factors of 9865244?
2, 677, 3643
What are the prime factors of 24573958?
2, 173, 71023
List the prime factors of 1201613.
7, 171659
What are the prime factors of 796572?
2, 3, 7, 29, 109
List the prime factors of 18821517.
3, 11, 13, 73, 601
What are the prime factors of 1067944?
2, 133493
What are the prime factors of 417872?
2, 7, 13, 41
What are the prime factors of 12969119?
29, 447211
List the prime factors of 5164526.
2, 1367, 1889
List the prime factors of 580323.
3, 193441
What are the prime factors of 602623?
7, 19, 23, 197
What are the prime factors of 592208?
2, 37013
What are the prime factors of 554150?
2, 5, 11083
List the prime factors of 13781450.
2, 5, 101, 2729
List the prime factors of 8301203.
181, 45863
What are the prime factors of 30088?
2, 3761
List the prime factors of 1232550.
2, 3, 5, 11, 83
List the prime factors of 16817903.
31, 113, 4801
List the prime factors of 717216.
2, 3, 31, 241
List the prime factors of 133950.
2, 3, 5, 19, 47
What are the prime factors of 263268?
2, 3, 71, 103
List the prime factors of 10431854.
2, 37, 61, 2311
List the prime factors of 8260060.
2, 5, 19, 21737
List the prime factors of 867747.
3, 289249
What are the prime factors of 717410?
2, 5, 71741
List the prime factors of 468149.
11, 53, 73
List the prime factors of 417938.
2, 101, 2069
What are the prime factors of 118074?
2, 3, 11, 1789
What are the prime factors of 8629?
8629
What are the prime factors of 227472?
2, 3, 7, 677
What are the prime factors of 1311081?
3, 101, 4327
What are the prime factors of 587705?
5, 117541
List the prime factors of 270636.
2, 3, 19, 1187
What are the prime factors of 453506?
2, 226753
List the prime factors of 174121.
174121
What are the prime factors of 20323?
20323
List the prime factors of 7288259.
11, 193, 3433
What are the prime factors of 35245458?
2, 3, 179, 10939
What are the prime factors of 123985?
5, 137, 181
What are the prime factors of 1345815?
3, 5, 3323
What are the prime factors of 19288?
2, 2411
What are the prime factors of 537157?
537157
List the prime factors of 8632986.
2, 3, 1438831
List the prime factors of 15507162.
2, 3, 11, 17, 271
List the prime factors of 346954.
2, 47, 3691
List the prime factors of 23989.
7, 23, 149
What are the prime factors of 822212?
2, 205553
List the prime factors of 13560523.
43, 315361
What are the prime factors of 59314?
2, 47, 631
List the prime factors of 124652.
2, 11, 2833
List the prime factors of 687468.
2, 3, 59, 971
List the prime factors of 1280665.
5, 256133
What are the prime factors of 5382353?
17, 37, 43, 199
What are the prime factors of 1660736?
2, 7, 11, 337
List the prime factors of 143280.
2, 3, 5, 199
What are the prime factors of 3559841?
43, 82787
List the prime factors of 16648085.
5, 19, 31, 5653
What are the prime factors of 877773?
3, 13, 71, 317
What are the prime factors of 